{"id":133,"date":"2020-03-09T22:32:33","date_gmt":"2020-03-09T21:32:33","guid":{"rendered":"http:\/\/planeurmaubeuge.fr\/?page_id=133"},"modified":"2020-03-25T19:21:31","modified_gmt":"2020-03-25T18:21:31","slug":"accueil","status":"publish","type":"page","link":"https:\/\/planeurmaubeuge.fr\/","title":{"rendered":"D\u00e9couvrez le planeur \u00e0 Maubeuge !"},"content":{"rendered":"\n<p>Bienvenue sur le site internet du club de planeur de Maubeuge !<\/p>\n\n\n\n<h3 class=\"wp-block-heading\">D\u00e9couvrir<\/h3>\n\n\n\n<p>A la recherche de <strong>sensations fortes<\/strong>, ou du cadeau id\u00e9al ? D\u00e9couvrez nos <a href=\"http:\/\/planeurmaubeuge.fr\/index.php\/le-vol-dinitiation\/\"><strong>formules d\u00e9couverte<\/strong><\/a> pour r\u00e9aliser votre <strong>bapt\u00eame de l&rsquo;air<\/strong> \u00e0 bord d&rsquo;un planeur ! Accompagn\u00e9 par nos pilotes qualifi\u00e9s, vous serez initi\u00e9 \u00e0 la <strong>troisi\u00e8me dimension<\/strong> et au vol sans moteur. Pendant 30min, vous quitterez la terre ferme pour ressentir la <strong>libert\u00e9<\/strong> que procure un <strong>vol en planeur<\/strong> !  <\/p>\n\n\n\n<h3 class=\"wp-block-heading\">Se former<\/h3>\n\n\n\n<p>Devenir pilote a toujours \u00e9t\u00e9 <strong>un r\u00eave<\/strong> ? Il est temps de le r\u00e9aliser en d\u00e9marrant <strong><a href=\"http:\/\/planeurmaubeuge.fr\/index.php\/la-formation\/\">votre formation<\/a> de pilote planeur<\/strong> ! A partir de 14 ans et sans limite d&rsquo;\u00e2ge, vous pouvez vous inscrire dans notre structure pour suivre des <strong>le\u00e7ons de pilotage<\/strong>. Encadr\u00e9 par une \u00e9quipe de 4 instructeurs, vous serez form\u00e9 le week-end ou lors de <a href=\"http:\/\/planeurmaubeuge.fr\/index.php\/les-stages\/\"><strong>nos stages<\/strong><\/a>. <\/p>\n\n\n\n<h3 class=\"wp-block-heading\">Pratiquer<\/h3>\n\n\n\n<p>Vous \u00eates <strong>d\u00e9j\u00e0 pilote<\/strong> et vous cherchez une nouvelle structure pour <strong>vivre votre passion<\/strong> ? Le Centre A\u00e9ronautique V\u00e9livole de l&rsquo;Avesnois vous accueille sur sa <a href=\"http:\/\/planeurmaubeuge.fr\/index.php\/les-installations\/\">plateforme<\/a> id\u00e9alement situ\u00e9e et met \u00e0 votre disposition <a href=\"http:\/\/planeurmaubeuge.fr\/index.php\/la-flotte\/\">ses planeurs<\/a> pour <strong>planer en toute libert\u00e9<\/strong> ! Notre club propose de <a href=\"http:\/\/planeurmaubeuge.fr\/index.php\/lactualite\/\">nombreuses activit\u00e9s<\/a> pour <strong>dynamiser<\/strong> la saison de vol \u00e0 voile comme des <strong>stages performance<\/strong>, des <strong>d\u00e9placements<\/strong> sur d&rsquo;autres a\u00e9rodrome ou encore un <strong>concours d&rsquo;atterrissages<\/strong> de pr\u00e9cision.  <\/p>\n\n\n\n<p>Si vous souhaitez plus d&rsquo;informations sur le fonctionnement de notre association ou sur l&rsquo;a\u00e9rodrome, n&rsquo;h\u00e9sitez pas \u00e0 nous <a href=\"http:\/\/planeurmaubeuge.fr\/index.php\/contact\/\">contacter<\/a> !<\/p>\n\n\n\n<figure class=\"wp-block-embed-youtube alignfull wp-block-embed is-type-video is-provider-youtube wp-embed-aspect-16-9 wp-has-aspect-ratio\"><div class=\"wp-block-embed__wrapper\">\n<iframe loading=\"lazy\" title=\"Planeur Maubeuge - CAVA\" width=\"640\" height=\"360\" src=\"https:\/\/www.youtube.com\/embed\/5vVKvPa5UXo?feature=oembed\" frameborder=\"0\" allow=\"accelerometer; autoplay; clipboard-write; encrypted-media; gyroscope; picture-in-picture; web-share\" referrerpolicy=\"strict-origin-when-cross-origin\" allowfullscreen><\/iframe>\n<\/div><\/figure>\n","protected":false},"excerpt":{"rendered":"<p>Bienvenue sur le site internet du club de planeur de Maubeuge ! D\u00e9couvrir A la recherche de sensations fortes, ou du cadeau id\u00e9al ? D\u00e9couvrez&#8230;<\/p>\n","protected":false},"author":1,"featured_media":0,"parent":0,"menu_order":0,"comment_status":"closed","ping_status":"closed","template":"","meta":{"footnotes":""},"class_list":["post-133","page","type-page","status-publish","hentry"],"yoast_head":"<!-- This site is optimized with the Yoast SEO plugin v27.5 - https:\/\/yoast.com\/product\/yoast-seo-wordpress\/ -->\n<title>D\u00e9couvrez le planeur \u00e0 Maubeuge ! &#8212; Planeur Maubeuge<\/title>\n<meta name=\"robots\" content=\"index, follow, max-snippet:-1, max-image-preview:large, max-video-preview:-1\" \/>\n<link rel=\"canonical\" href=\"https:\/\/planeurmaubeuge.fr\/\" \/>\n<meta property=\"og:locale\" content=\"fr_FR\" \/>\n<meta property=\"og:type\" content=\"article\" \/>\n<meta property=\"og:title\" content=\"D\u00e9couvrez le planeur \u00e0 Maubeuge ! &#8212; Planeur Maubeuge\" \/>\n<meta property=\"og:description\" content=\"Bienvenue sur le site internet du club de planeur de Maubeuge ! D\u00e9couvrir A la recherche de sensations fortes, ou du cadeau id\u00e9al ? D\u00e9couvrez...\" \/>\n<meta property=\"og:url\" content=\"https:\/\/planeurmaubeuge.fr\/\" \/>\n<meta property=\"og:site_name\" content=\"Planeur Maubeuge\" \/>\n<meta property=\"article:publisher\" content=\"https:\/\/www.facebook.com\/PlaneurMaubeuge\/\" \/>\n<meta property=\"article:modified_time\" content=\"2020-03-25T18:21:31+00:00\" \/>\n<meta name=\"twitter:card\" content=\"summary_large_image\" \/>\n<meta name=\"twitter:label1\" content=\"Dur\u00e9e de lecture estim\u00e9e\" \/>\n\t<meta name=\"twitter:data1\" content=\"1 minute\" \/>\n<script type=\"application\/ld+json\" class=\"yoast-schema-graph\">{\"@context\":\"https:\\\/\\\/schema.org\",\"@graph\":[{\"@type\":\"WebPage\",\"@id\":\"https:\\\/\\\/planeurmaubeuge.fr\\\/\",\"url\":\"https:\\\/\\\/planeurmaubeuge.fr\\\/\",\"name\":\"D\u00e9couvrez le planeur \u00e0 Maubeuge ! &#8212; Planeur Maubeuge\",\"isPartOf\":{\"@id\":\"https:\\\/\\\/planeurmaubeuge.fr\\\/#website\"},\"datePublished\":\"2020-03-09T21:32:33+00:00\",\"dateModified\":\"2020-03-25T18:21:31+00:00\",\"breadcrumb\":{\"@id\":\"https:\\\/\\\/planeurmaubeuge.fr\\\/#breadcrumb\"},\"inLanguage\":\"fr-FR\",\"potentialAction\":[{\"@type\":\"ReadAction\",\"target\":[\"https:\\\/\\\/planeurmaubeuge.fr\\\/\"]}]},{\"@type\":\"BreadcrumbList\",\"@id\":\"https:\\\/\\\/planeurmaubeuge.fr\\\/#breadcrumb\",\"itemListElement\":[{\"@type\":\"ListItem\",\"position\":1,\"name\":\"Accueil\",\"item\":\"https:\\\/\\\/planeurmaubeuge.fr\\\/\"},{\"@type\":\"ListItem\",\"position\":2,\"name\":\"D\u00e9couvrez le planeur \u00e0 Maubeuge !\"}]},{\"@type\":\"WebSite\",\"@id\":\"https:\\\/\\\/planeurmaubeuge.fr\\\/#website\",\"url\":\"https:\\\/\\\/planeurmaubeuge.fr\\\/\",\"name\":\"PlaneurMaubeuge\",\"description\":\"CAVA\",\"publisher\":{\"@id\":\"https:\\\/\\\/planeurmaubeuge.fr\\\/#organization\"},\"potentialAction\":[{\"@type\":\"SearchAction\",\"target\":{\"@type\":\"EntryPoint\",\"urlTemplate\":\"https:\\\/\\\/planeurmaubeuge.fr\\\/?s={search_term_string}\"},\"query-input\":{\"@type\":\"PropertyValueSpecification\",\"valueRequired\":true,\"valueName\":\"search_term_string\"}}],\"inLanguage\":\"fr-FR\"},{\"@type\":\"Organization\",\"@id\":\"https:\\\/\\\/planeurmaubeuge.fr\\\/#organization\",\"name\":\"Planeur Maubeuge - CAVA\",\"url\":\"https:\\\/\\\/planeurmaubeuge.fr\\\/\",\"logo\":{\"@type\":\"ImageObject\",\"inLanguage\":\"fr-FR\",\"@id\":\"https:\\\/\\\/planeurmaubeuge.fr\\\/#\\\/schema\\\/logo\\\/image\\\/\",\"url\":\"http:\\\/\\\/planeurmaubeuge.fr\\\/wp-content\\\/uploads\\\/2020\\\/03\\\/Logo_CAVA_Bleu.png\",\"contentUrl\":\"http:\\\/\\\/planeurmaubeuge.fr\\\/wp-content\\\/uploads\\\/2020\\\/03\\\/Logo_CAVA_Bleu.png\",\"width\":4125,\"height\":3653,\"caption\":\"Planeur Maubeuge - CAVA\"},\"image\":{\"@id\":\"https:\\\/\\\/planeurmaubeuge.fr\\\/#\\\/schema\\\/logo\\\/image\\\/\"},\"sameAs\":[\"https:\\\/\\\/www.facebook.com\\\/PlaneurMaubeuge\\\/\",\"https:\\\/\\\/www.instagram.com\\\/planeur_maubeuge\\\/\"]}]}<\/script>\n<!-- \/ Yoast SEO plugin. -->","yoast_head_json":{"title":"D\u00e9couvrez le planeur \u00e0 Maubeuge ! &#8212; Planeur Maubeuge","robots":{"index":"index","follow":"follow","max-snippet":"max-snippet:-1","max-image-preview":"max-image-preview:large","max-video-preview":"max-video-preview:-1"},"canonical":"https:\/\/planeurmaubeuge.fr\/","og_locale":"fr_FR","og_type":"article","og_title":"D\u00e9couvrez le planeur \u00e0 Maubeuge ! &#8212; Planeur Maubeuge","og_description":"Bienvenue sur le site internet du club de planeur de Maubeuge ! D\u00e9couvrir A la recherche de sensations fortes, ou du cadeau id\u00e9al ? D\u00e9couvrez...","og_url":"https:\/\/planeurmaubeuge.fr\/","og_site_name":"Planeur Maubeuge","article_publisher":"https:\/\/www.facebook.com\/PlaneurMaubeuge\/","article_modified_time":"2020-03-25T18:21:31+00:00","twitter_card":"summary_large_image","twitter_misc":{"Dur\u00e9e de lecture estim\u00e9e":"1 minute"},"schema":{"@context":"https:\/\/schema.org","@graph":[{"@type":"WebPage","@id":"https:\/\/planeurmaubeuge.fr\/","url":"https:\/\/planeurmaubeuge.fr\/","name":"D\u00e9couvrez le planeur \u00e0 Maubeuge ! &#8212; Planeur Maubeuge","isPartOf":{"@id":"https:\/\/planeurmaubeuge.fr\/#website"},"datePublished":"2020-03-09T21:32:33+00:00","dateModified":"2020-03-25T18:21:31+00:00","breadcrumb":{"@id":"https:\/\/planeurmaubeuge.fr\/#breadcrumb"},"inLanguage":"fr-FR","potentialAction":[{"@type":"ReadAction","target":["https:\/\/planeurmaubeuge.fr\/"]}]},{"@type":"BreadcrumbList","@id":"https:\/\/planeurmaubeuge.fr\/#breadcrumb","itemListElement":[{"@type":"ListItem","position":1,"name":"Accueil","item":"https:\/\/planeurmaubeuge.fr\/"},{"@type":"ListItem","position":2,"name":"D\u00e9couvrez le planeur \u00e0 Maubeuge !"}]},{"@type":"WebSite","@id":"https:\/\/planeurmaubeuge.fr\/#website","url":"https:\/\/planeurmaubeuge.fr\/","name":"PlaneurMaubeuge","description":"CAVA","publisher":{"@id":"https:\/\/planeurmaubeuge.fr\/#organization"},"potentialAction":[{"@type":"SearchAction","target":{"@type":"EntryPoint","urlTemplate":"https:\/\/planeurmaubeuge.fr\/?s={search_term_string}"},"query-input":{"@type":"PropertyValueSpecification","valueRequired":true,"valueName":"search_term_string"}}],"inLanguage":"fr-FR"},{"@type":"Organization","@id":"https:\/\/planeurmaubeuge.fr\/#organization","name":"Planeur Maubeuge - CAVA","url":"https:\/\/planeurmaubeuge.fr\/","logo":{"@type":"ImageObject","inLanguage":"fr-FR","@id":"https:\/\/planeurmaubeuge.fr\/#\/schema\/logo\/image\/","url":"http:\/\/planeurmaubeuge.fr\/wp-content\/uploads\/2020\/03\/Logo_CAVA_Bleu.png","contentUrl":"http:\/\/planeurmaubeuge.fr\/wp-content\/uploads\/2020\/03\/Logo_CAVA_Bleu.png","width":4125,"height":3653,"caption":"Planeur Maubeuge - CAVA"},"image":{"@id":"https:\/\/planeurmaubeuge.fr\/#\/schema\/logo\/image\/"},"sameAs":["https:\/\/www.facebook.com\/PlaneurMaubeuge\/","https:\/\/www.instagram.com\/planeur_maubeuge\/"]}]}},"_links":{"self":[{"href":"https:\/\/planeurmaubeuge.fr\/index.php\/wp-json\/wp\/v2\/pages\/133","targetHints":{"allow":["GET"]}}],"collection":[{"href":"https:\/\/planeurmaubeuge.fr\/index.php\/wp-json\/wp\/v2\/pages"}],"about":[{"href":"https:\/\/planeurmaubeuge.fr\/index.php\/wp-json\/wp\/v2\/types\/page"}],"author":[{"embeddable":true,"href":"https:\/\/planeurmaubeuge.fr\/index.php\/wp-json\/wp\/v2\/users\/1"}],"replies":[{"embeddable":true,"href":"https:\/\/planeurmaubeuge.fr\/index.php\/wp-json\/wp\/v2\/comments?post=133"}],"version-history":[{"count":17,"href":"https:\/\/planeurmaubeuge.fr\/index.php\/wp-json\/wp\/v2\/pages\/133\/revisions"}],"predecessor-version":[{"id":226,"href":"https:\/\/planeurmaubeuge.fr\/index.php\/wp-json\/wp\/v2\/pages\/133\/revisions\/226"}],"wp:attachment":[{"href":"https:\/\/planeurmaubeuge.fr\/index.php\/wp-json\/wp\/v2\/media?parent=133"}],"curies":[{"name":"wp","href":"https:\/\/api.w.org\/{rel}","templated":true}]}}