{"id":412,"date":"2025-03-13T19:05:35","date_gmt":"2025-03-13T18:05:35","guid":{"rendered":"https:\/\/planeurmaubeuge.fr\/?page_id=412"},"modified":"2025-03-13T19:08:49","modified_gmt":"2025-03-13T18:08:49","slug":"concours-regional-des-hauts-de-france-2025","status":"publish","type":"page","link":"https:\/\/planeurmaubeuge.fr\/index.php\/concours-regional-des-hauts-de-france-2025\/","title":{"rendered":"Concours R\u00e9gional des Hauts de France 2025"},"content":{"rendered":"\n<p><a href=\"https:\/\/www.soaringspot.com\/en_gb\/championnat-regional-des-hauts-de-france-2025\/\">Championnat r\u00e9gional des Hauts-de-France 2025<\/a><br><br><br><strong>Bienvenue au CAVA &#8211; Planeur Maubeuge<\/strong><\/p>\n\n\n\n<p><strong>Le concours r\u00e9gional des Hauts-de-France se d\u00e9roulera \u00e0 Maubeuge &#8211; Elesme du 29 mai au 1 juin et du 7 au 9 juin 2025.<br>Le club de Vol en Planeur &#8211; CAVA sera heureux de vous accueillir pour cette rencontre sportive et conviviale.<\/strong><\/p>\n\n\n\n<p>Les inscriptions sont ouvertes :&nbsp;<a href=\"https:\/\/forms.gle\/1kmjNmRCDUQ73S7HA\">Inscription Championat r\u00e9gional Hauts de France<\/a><\/p>\n\n\n\n<p>Ci-joint les proc\u00e9dures locales :&nbsp;<a href=\"http:\/\/www.soaringspot.com\/uploads\/046\/4682\/media\/Procedures_Locales_Maubeuge_2025_R00.pdf\">Procedures_Locales_Maubeuge_2025_R00<\/a><\/p>\n\n\n\n<p>Soaring Spot : <a href=\"https:\/\/www.soaringspot.com\/en_gb\/championnat-regional-des-hauts-de-france-2025\/\">https:\/\/www.soaringspot.com\/en_gb\/championnat-regional-des-hauts-de-france-2025\/<\/a><\/p>\n\n\n\n<p><\/p>\n\n\n\n<figure class=\"wp-block-image size-full\"><img loading=\"lazy\" decoding=\"async\" width=\"661\" height=\"372\" src=\"http:\/\/planeurmaubeuge.fr\/wp-content\/uploads\/2025\/03\/Grid.jpg\" alt=\"\" class=\"wp-image-413\" srcset=\"https:\/\/planeurmaubeuge.fr\/wp-content\/uploads\/2025\/03\/Grid.jpg 661w, https:\/\/planeurmaubeuge.fr\/wp-content\/uploads\/2025\/03\/Grid-300x169.jpg 300w\" sizes=\"auto, (max-width: 661px) 100vw, 661px\" \/><\/figure>\n","protected":false},"excerpt":{"rendered":"<p>Championnat r\u00e9gional des Hauts-de-France 2025 Bienvenue au CAVA &#8211; Planeur Maubeuge Le concours r\u00e9gional des Hauts-de-France se d\u00e9roulera \u00e0 Maubeuge &#8211; Elesme du 29 mai&#8230;<\/p>\n","protected":false},"author":1,"featured_media":0,"parent":0,"menu_order":0,"comment_status":"closed","ping_status":"closed","template":"","meta":{"footnotes":""},"class_list":["post-412","page","type-page","status-publish","hentry"],"yoast_head":"<!-- This site is optimized with the Yoast SEO plugin v27.4 - https:\/\/yoast.com\/product\/yoast-seo-wordpress\/ -->\n<title>Concours R\u00e9gional des Hauts de France 2025 &#8212; Planeur Maubeuge<\/title>\n<meta name=\"robots\" content=\"index, follow, max-snippet:-1, max-image-preview:large, max-video-preview:-1\" \/>\n<link rel=\"canonical\" href=\"https:\/\/planeurmaubeuge.fr\/index.php\/concours-regional-des-hauts-de-france-2025\/\" \/>\n<meta property=\"og:locale\" content=\"fr_FR\" \/>\n<meta property=\"og:type\" content=\"article\" \/>\n<meta property=\"og:title\" content=\"Concours R\u00e9gional des Hauts de France 2025 &#8212; Planeur Maubeuge\" \/>\n<meta property=\"og:description\" content=\"Championnat r\u00e9gional des Hauts-de-France 2025 Bienvenue au CAVA &#8211; Planeur Maubeuge Le concours r\u00e9gional des Hauts-de-France se d\u00e9roulera \u00e0 Maubeuge &#8211; Elesme du 29 mai...\" \/>\n<meta property=\"og:url\" content=\"https:\/\/planeurmaubeuge.fr\/index.php\/concours-regional-des-hauts-de-france-2025\/\" \/>\n<meta property=\"og:site_name\" content=\"Planeur Maubeuge\" \/>\n<meta property=\"article:publisher\" content=\"https:\/\/www.facebook.com\/PlaneurMaubeuge\/\" \/>\n<meta property=\"article:modified_time\" content=\"2025-03-13T18:08:49+00:00\" \/>\n<meta property=\"og:image\" content=\"http:\/\/planeurmaubeuge.fr\/wp-content\/uploads\/2025\/03\/Grid.jpg\" \/>\n<meta name=\"twitter:card\" content=\"summary_large_image\" \/>\n<meta name=\"twitter:label1\" content=\"Dur\u00e9e de lecture estim\u00e9e\" \/>\n\t<meta name=\"twitter:data1\" content=\"1 minute\" \/>\n<script type=\"application\/ld+json\" class=\"yoast-schema-graph\">{\"@context\":\"https:\\\/\\\/schema.org\",\"@graph\":[{\"@type\":\"WebPage\",\"@id\":\"https:\\\/\\\/planeurmaubeuge.fr\\\/index.php\\\/concours-regional-des-hauts-de-france-2025\\\/\",\"url\":\"https:\\\/\\\/planeurmaubeuge.fr\\\/index.php\\\/concours-regional-des-hauts-de-france-2025\\\/\",\"name\":\"Concours R\u00e9gional des Hauts de France 2025 &#8212; Planeur Maubeuge\",\"isPartOf\":{\"@id\":\"https:\\\/\\\/planeurmaubeuge.fr\\\/#website\"},\"primaryImageOfPage\":{\"@id\":\"https:\\\/\\\/planeurmaubeuge.fr\\\/index.php\\\/concours-regional-des-hauts-de-france-2025\\\/#primaryimage\"},\"image\":{\"@id\":\"https:\\\/\\\/planeurmaubeuge.fr\\\/index.php\\\/concours-regional-des-hauts-de-france-2025\\\/#primaryimage\"},\"thumbnailUrl\":\"http:\\\/\\\/planeurmaubeuge.fr\\\/wp-content\\\/uploads\\\/2025\\\/03\\\/Grid.jpg\",\"datePublished\":\"2025-03-13T18:05:35+00:00\",\"dateModified\":\"2025-03-13T18:08:49+00:00\",\"breadcrumb\":{\"@id\":\"https:\\\/\\\/planeurmaubeuge.fr\\\/index.php\\\/concours-regional-des-hauts-de-france-2025\\\/#breadcrumb\"},\"inLanguage\":\"fr-FR\",\"potentialAction\":[{\"@type\":\"ReadAction\",\"target\":[\"https:\\\/\\\/planeurmaubeuge.fr\\\/index.php\\\/concours-regional-des-hauts-de-france-2025\\\/\"]}]},{\"@type\":\"ImageObject\",\"inLanguage\":\"fr-FR\",\"@id\":\"https:\\\/\\\/planeurmaubeuge.fr\\\/index.php\\\/concours-regional-des-hauts-de-france-2025\\\/#primaryimage\",\"url\":\"https:\\\/\\\/planeurmaubeuge.fr\\\/wp-content\\\/uploads\\\/2025\\\/03\\\/Grid.jpg\",\"contentUrl\":\"https:\\\/\\\/planeurmaubeuge.fr\\\/wp-content\\\/uploads\\\/2025\\\/03\\\/Grid.jpg\",\"width\":661,\"height\":372},{\"@type\":\"BreadcrumbList\",\"@id\":\"https:\\\/\\\/planeurmaubeuge.fr\\\/index.php\\\/concours-regional-des-hauts-de-france-2025\\\/#breadcrumb\",\"itemListElement\":[{\"@type\":\"ListItem\",\"position\":1,\"name\":\"Accueil\",\"item\":\"https:\\\/\\\/planeurmaubeuge.fr\\\/\"},{\"@type\":\"ListItem\",\"position\":2,\"name\":\"Concours R\u00e9gional des Hauts de France 2025\"}]},{\"@type\":\"WebSite\",\"@id\":\"https:\\\/\\\/planeurmaubeuge.fr\\\/#website\",\"url\":\"https:\\\/\\\/planeurmaubeuge.fr\\\/\",\"name\":\"PlaneurMaubeuge\",\"description\":\"CAVA\",\"publisher\":{\"@id\":\"https:\\\/\\\/planeurmaubeuge.fr\\\/#organization\"},\"potentialAction\":[{\"@type\":\"SearchAction\",\"target\":{\"@type\":\"EntryPoint\",\"urlTemplate\":\"https:\\\/\\\/planeurmaubeuge.fr\\\/?s={search_term_string}\"},\"query-input\":{\"@type\":\"PropertyValueSpecification\",\"valueRequired\":true,\"valueName\":\"search_term_string\"}}],\"inLanguage\":\"fr-FR\"},{\"@type\":\"Organization\",\"@id\":\"https:\\\/\\\/planeurmaubeuge.fr\\\/#organization\",\"name\":\"Planeur Maubeuge - CAVA\",\"url\":\"https:\\\/\\\/planeurmaubeuge.fr\\\/\",\"logo\":{\"@type\":\"ImageObject\",\"inLanguage\":\"fr-FR\",\"@id\":\"https:\\\/\\\/planeurmaubeuge.fr\\\/#\\\/schema\\\/logo\\\/image\\\/\",\"url\":\"http:\\\/\\\/planeurmaubeuge.fr\\\/wp-content\\\/uploads\\\/2020\\\/03\\\/Logo_CAVA_Bleu.png\",\"contentUrl\":\"http:\\\/\\\/planeurmaubeuge.fr\\\/wp-content\\\/uploads\\\/2020\\\/03\\\/Logo_CAVA_Bleu.png\",\"width\":4125,\"height\":3653,\"caption\":\"Planeur Maubeuge - CAVA\"},\"image\":{\"@id\":\"https:\\\/\\\/planeurmaubeuge.fr\\\/#\\\/schema\\\/logo\\\/image\\\/\"},\"sameAs\":[\"https:\\\/\\\/www.facebook.com\\\/PlaneurMaubeuge\\\/\",\"https:\\\/\\\/www.instagram.com\\\/planeur_maubeuge\\\/\"]}]}<\/script>\n<!-- \/ Yoast SEO plugin. -->","yoast_head_json":{"title":"Concours R\u00e9gional des Hauts de France 2025 &#8212; Planeur Maubeuge","robots":{"index":"index","follow":"follow","max-snippet":"max-snippet:-1","max-image-preview":"max-image-preview:large","max-video-preview":"max-video-preview:-1"},"canonical":"https:\/\/planeurmaubeuge.fr\/index.php\/concours-regional-des-hauts-de-france-2025\/","og_locale":"fr_FR","og_type":"article","og_title":"Concours R\u00e9gional des Hauts de France 2025 &#8212; Planeur Maubeuge","og_description":"Championnat r\u00e9gional des Hauts-de-France 2025 Bienvenue au CAVA &#8211; Planeur Maubeuge Le concours r\u00e9gional des Hauts-de-France se d\u00e9roulera \u00e0 Maubeuge &#8211; Elesme du 29 mai...","og_url":"https:\/\/planeurmaubeuge.fr\/index.php\/concours-regional-des-hauts-de-france-2025\/","og_site_name":"Planeur Maubeuge","article_publisher":"https:\/\/www.facebook.com\/PlaneurMaubeuge\/","article_modified_time":"2025-03-13T18:08:49+00:00","og_image":[{"url":"http:\/\/planeurmaubeuge.fr\/wp-content\/uploads\/2025\/03\/Grid.jpg","type":"","width":"","height":""}],"twitter_card":"summary_large_image","twitter_misc":{"Dur\u00e9e de lecture estim\u00e9e":"1 minute"},"schema":{"@context":"https:\/\/schema.org","@graph":[{"@type":"WebPage","@id":"https:\/\/planeurmaubeuge.fr\/index.php\/concours-regional-des-hauts-de-france-2025\/","url":"https:\/\/planeurmaubeuge.fr\/index.php\/concours-regional-des-hauts-de-france-2025\/","name":"Concours R\u00e9gional des Hauts de France 2025 &#8212; Planeur Maubeuge","isPartOf":{"@id":"https:\/\/planeurmaubeuge.fr\/#website"},"primaryImageOfPage":{"@id":"https:\/\/planeurmaubeuge.fr\/index.php\/concours-regional-des-hauts-de-france-2025\/#primaryimage"},"image":{"@id":"https:\/\/planeurmaubeuge.fr\/index.php\/concours-regional-des-hauts-de-france-2025\/#primaryimage"},"thumbnailUrl":"http:\/\/planeurmaubeuge.fr\/wp-content\/uploads\/2025\/03\/Grid.jpg","datePublished":"2025-03-13T18:05:35+00:00","dateModified":"2025-03-13T18:08:49+00:00","breadcrumb":{"@id":"https:\/\/planeurmaubeuge.fr\/index.php\/concours-regional-des-hauts-de-france-2025\/#breadcrumb"},"inLanguage":"fr-FR","potentialAction":[{"@type":"ReadAction","target":["https:\/\/planeurmaubeuge.fr\/index.php\/concours-regional-des-hauts-de-france-2025\/"]}]},{"@type":"ImageObject","inLanguage":"fr-FR","@id":"https:\/\/planeurmaubeuge.fr\/index.php\/concours-regional-des-hauts-de-france-2025\/#primaryimage","url":"https:\/\/planeurmaubeuge.fr\/wp-content\/uploads\/2025\/03\/Grid.jpg","contentUrl":"https:\/\/planeurmaubeuge.fr\/wp-content\/uploads\/2025\/03\/Grid.jpg","width":661,"height":372},{"@type":"BreadcrumbList","@id":"https:\/\/planeurmaubeuge.fr\/index.php\/concours-regional-des-hauts-de-france-2025\/#breadcrumb","itemListElement":[{"@type":"ListItem","position":1,"name":"Accueil","item":"https:\/\/planeurmaubeuge.fr\/"},{"@type":"ListItem","position":2,"name":"Concours R\u00e9gional des Hauts de France 2025"}]},{"@type":"WebSite","@id":"https:\/\/planeurmaubeuge.fr\/#website","url":"https:\/\/planeurmaubeuge.fr\/","name":"PlaneurMaubeuge","description":"CAVA","publisher":{"@id":"https:\/\/planeurmaubeuge.fr\/#organization"},"potentialAction":[{"@type":"SearchAction","target":{"@type":"EntryPoint","urlTemplate":"https:\/\/planeurmaubeuge.fr\/?s={search_term_string}"},"query-input":{"@type":"PropertyValueSpecification","valueRequired":true,"valueName":"search_term_string"}}],"inLanguage":"fr-FR"},{"@type":"Organization","@id":"https:\/\/planeurmaubeuge.fr\/#organization","name":"Planeur Maubeuge - CAVA","url":"https:\/\/planeurmaubeuge.fr\/","logo":{"@type":"ImageObject","inLanguage":"fr-FR","@id":"https:\/\/planeurmaubeuge.fr\/#\/schema\/logo\/image\/","url":"http:\/\/planeurmaubeuge.fr\/wp-content\/uploads\/2020\/03\/Logo_CAVA_Bleu.png","contentUrl":"http:\/\/planeurmaubeuge.fr\/wp-content\/uploads\/2020\/03\/Logo_CAVA_Bleu.png","width":4125,"height":3653,"caption":"Planeur Maubeuge - CAVA"},"image":{"@id":"https:\/\/planeurmaubeuge.fr\/#\/schema\/logo\/image\/"},"sameAs":["https:\/\/www.facebook.com\/PlaneurMaubeuge\/","https:\/\/www.instagram.com\/planeur_maubeuge\/"]}]}},"_links":{"self":[{"href":"https:\/\/planeurmaubeuge.fr\/index.php\/wp-json\/wp\/v2\/pages\/412","targetHints":{"allow":["GET"]}}],"collection":[{"href":"https:\/\/planeurmaubeuge.fr\/index.php\/wp-json\/wp\/v2\/pages"}],"about":[{"href":"https:\/\/planeurmaubeuge.fr\/index.php\/wp-json\/wp\/v2\/types\/page"}],"author":[{"embeddable":true,"href":"https:\/\/planeurmaubeuge.fr\/index.php\/wp-json\/wp\/v2\/users\/1"}],"replies":[{"embeddable":true,"href":"https:\/\/planeurmaubeuge.fr\/index.php\/wp-json\/wp\/v2\/comments?post=412"}],"version-history":[{"count":2,"href":"https:\/\/planeurmaubeuge.fr\/index.php\/wp-json\/wp\/v2\/pages\/412\/revisions"}],"predecessor-version":[{"id":415,"href":"https:\/\/planeurmaubeuge.fr\/index.php\/wp-json\/wp\/v2\/pages\/412\/revisions\/415"}],"wp:attachment":[{"href":"https:\/\/planeurmaubeuge.fr\/index.php\/wp-json\/wp\/v2\/media?parent=412"}],"curies":[{"name":"wp","href":"https:\/\/api.w.org\/{rel}","templated":true}]}}